when z(l) is divided by 8.
7
Let h = 1167 + -1139. Let m = 61 + -8. What is the remainder when m is divided by h?
25
Suppose 2*u + 28 = 6*u. What is the remainder when u is divided by (-12)/(-2) - 2 - -1?
2
Let c be (1 - -7)*7/14. Suppose 5*m + 47 = c*g + 4*m, -2*g = 2*m - 36. Suppose 2*s = 54 - 8. Calculate the remainder when s is divided by g.
10
Let g be 1/(-2) - 34/(-4). Suppose -i + t + g = 0, 0*t = -5*i - 4*t + 4. What is the remainder when 7 is divided by i?
3
Let k be (-148)/(-6) - (-1)/3. Suppose -3*h - 2*h + k = 0. Let c(a) = a**2 + 5*a - 4. What is the remainder when h is divided by c(-6)?
1
Let h = 21 + 19. Calculate the remainder when h is divided by 11.
7
Suppose -r - 2*m + 32 = 0, 3*r - r - 4*m = 32. Suppose 4*g = 2*g + r. What is the remainder when 23 is divided by g?
11
Let a = 21 - -20. Let g(y) = -y + 4. Let w be g(7). Let k(m) = -6*m - 4. What is the remainder when a is divided by k(w)?
13
Let p(t) = 3*t - 5 - 5 - 4*t. Let w be p(-8). What is the remainder when w*42/(-4)*1 is divided by 11?
10
Suppose -2*s - 2*n + 14 = -s, -4*s + 32 = 2*n. Let c = -37 + s. Let k = c - -64. What is the remainder when k is divided by 17?
16
Let t(f) = f**3 + 11*f**2 + 9*f + 17. Calculate the remainder when t(-10) is divided by 10.
7
Suppose 3*b - 12 + 0 = 0. Suppose -2*p - 110 = 3*n, -3*p = -2*n + b*n + 65. Calculate the remainder when 29 is divided by (n/(-12))/((-2)/(-6)).
9
Let f = -5 - -7. Suppose -6*q + q + 29 = f*t, -2*t = -2*q + 6. Let c(w) = -w**2 - 8*w + 6. What is the remainder when c(-7) is divided by q?
3
Let u(z) be the third derivative of -z**5/60 - 3*z**4/8 + z**3/6 - 2*z**2. Calculate the remainder when 28 is divided by u(-7).
13
Let q = 205 + 67. Calculate the remainder when q is divided by 39.
38
Let r(h) = -h - 3. Let l be r(-3). Let f be (28/2)/(2 - l). Suppose -j + 2*z + f = 0, -z = -4*j + 4*z + 31. Calculate the remainder when j is divided by 5.
4
What is the remainder when ((-84)/16)/(9/(-48)) is divided by (-4)/(-26) + 304/52?
4
Let o = 12 - -45. What is the remainder when o is divided by 20?
17
Let d(s) = -5*s + 12. Let i be d(-8). Let u = i - 30. What is the remainder when 85 is divided by u?
19
Suppose 45 = -4*o + 9*o. Suppose 14*f - 69 - 267 = 0. Calculate the remainder when f is divided by o.
6
Let r(m) = 23*m + 1. Let h be r(3). Let s = h - 42. Suppose 45 = 2*y + y + 3*a, 5*a = -4*y + 60. Calculate the remainder when s is divided by y.
13
Let f(m) = 3*m**2 - m + 1. Let g be f(1). Suppose -g*w - 9 = -4*w. Suppose 2 + 14 = t. Calculate the remainder when t is divided by w.
7
Suppose 0*k - 96 = -4*k. Let o = 34 - k. What is the remainder when 37 is divided by o?
7
Suppose -3*r + 32 = -3*v + 8*v, -4*v = -r + 22. Let d = r - 8. What is the remainder when 9 is divided by d?
3
Let w(s) = -9*s + 3. Calculate the remainder when 46 is divided by w(-1).
10
Suppose 0 = -4*d - 3*x - 9, -2 = 5*d + 3*x + 7. Let h = d - -39. Calculate the remainder when h is divided by 20.
19
Let u(f) = 13*f - 5. Let w(h) = -40*h + 15. Let r(v) = -11*u(v) - 4*w(v). What is the remainder when r(2) is divided by 10?
9
What is the remainder when 94 is divided by 17 + 6/9*3?
18
Suppose 3*t = -2*y + 170, 4*y + 3*t = 9*y - 467. What is the remainder when y is divided by 23?
22
Let g = 2 + 11. What is the remainder when (1 + 51 - -1) + -2 is divided by g?
12
Suppose -3 = f - 2*f. Suppose 0 = -f*b + 42. What is the remainder when 40 is divided by b?
12
Suppose -326 = -2*h + 8*r - 3*r, 5*h + 5*r = 745. Calculate the remainder when h is divided by 26.
23
Let r be ((-7)/14)/(2/(-152)). Let z = -4 + r. What is the remainder when z is divided by 9?
7
Suppose -3*d - 8 = -86. Let f = 22 - 11. Let k = f - 2. What is the remainder when d is divided by k?
8
Let i(o) = 3*o**3 - 5*o**2 + 5*o - 3. Let a(k) = k**3 + k + 1. Let g(y) = -4*a(y) + i(y). Calculate the remainder when 67 is divided by g(-6).
21
Suppose -2*a + 18 = 2*m, m - 2*a - 24 = -3*m. Suppose 0 = -3*t + 10 + 8. Suppose z = 4*z - t. What is the remainder when m is divided by z?
1
Let l(q) be the second derivative of q**4 + q**3/3 + q**2/2 + q. Calculate the remainder when 32 is divided by l(-1).
10
Suppose -d = -95 - 161. Suppose -5 = 2*i - 1, -4*p = -4*i + d. Let v = -46 - p. What is the remainder when v is divided by 7?
6
Suppose 2*y + 5*w - 52 = 0, -40 = -5*y + 2*y + 2*w. Suppose -9*j = -6*j - 423. Suppose 0*b - 3*b = -j. Calculate the remainder when b is divided by y.
15
Let z(l) = l + 3*l**3 - 1 + 0 + 3*l**3 + l**2 + 5*l**3. Let u be z(1). What is the remainder when u/30 + 6/10 is divided by 1?
0
Let z(r) = 3*r**2 + 2*r - 1. Let g be z(-2). Suppose 11 + 13 = 4*k - q, -k - 3*q - g = 0. Calculate the remainder when 13 is divided by k.
3
Suppose -4*s + i = -132, s + 5*i - 11 - 1 = 0. Calculate the remainder when 59 is divided by s.
27
Suppose -6*i = -9*i + 84. What is the remainder when i is divided by 15?
13
Calculate the remainder when 13 is divided by 4/6 - (-132)/18.
5
Let j(y) = -4 - 7*y + y**2 + 4 - 3. Let g be j(8). Suppose 0 = 4*t + 3*f - 43, -g*t + 12 = -f - 56. What is the remainder when 24 is divided by t?
11
Let y(i) = -i**3 + 4*i**2 + 5*i - 2. Let a be y(5). Let z be a + (-2)/(-2) - -6. Suppose z*j = 12 + 53. Calculate the remainder when j is divided by 5.
3
Suppose -89 = -5*b + b - 5*m, 0 = 3*b - m - 81. Let i be 1 + -14 - (2 + -1). What is the remainder when b is divided by (-200)/i - (-4)/(-14)?
12
Let m = -88 + 104. What is the remainder when 174 is divided by m?
14
Suppose -4*b = 5*m - 33, 4*b - 26 = 5*m + 37. Calculate the remainder when 21 - (2/(-2) + 0) is divided by b.
10
Let c = 59 - 36. Calculate the remainder when 89 is divided by c.
20
Suppose -5*i + 15 = 0, -4*x - 3*i = -4*i - 29. Calculate the remainder when 29 is divided by x.
5
Suppose -37 - 33 = -5*q. What is the remainder when 34 is divided by q?
6
What is the remainder when -3 + (0 - 1) + 45 is divided by 9?
5
Let c = -60 + 65. Calculate the remainder when c is divided by 5.
0
Let j = 402 - 286. Calculate the remainder when j is divided by 39.
38
Suppose -4*g = -3*g + 97. Let v = -62 - g. What is the remainder when v is divided by 3/12 + 94/8?
11
Suppose -15 = l + 4*l - 5*i, 6 = -l + 2*i. Suppose l*b = 5*b - 245. Calculate the remainder when b is divided by 17.
15
Suppose 2*u + 5*h - 19 = -0*h, -4*h = -2*u + 46. Suppose -4*x = -x + k + 5, 2*x - k = 0. Let j = 7 + x. Calculate the remainder when u is divided by j.
5
Suppose 0 = -5*x - 3*g + 281, 2*g = 7*g - 10. Let q = -17 - -31. Calculate the remainder when x is divided by q.
13
Let s(u) = -u**3 - 4*u**2 - 4*u. Let b = -10 + 6. What is the remainder when s(b) is divided by (1/2)/((-1)/(-12))?
4
Let u(w) = -19*w + 38. Let g(q) = -13*q + 25. Let s(r) = 7*g(r) - 5*u(r). Calculate the remainder when 55 is divided by s(11).
26
Let q = -7 - -25. Suppose 5*j + 502 = 5*c + 62, 2*c = -5*j + 148. Let h = -32 + c. Calculate the remainder when h is divided by q.
16
Suppose -m - 5 = -2*m. Let z(p) = -p**3 + 7*p**2 + 9*p - 6. Let b be z(8). Suppose -1 = -b*d + 9, m*o - 5*d = 70. What is the remainder when o is divided by 10?
9
Let w = -21 - -33. What is the remainder when (94/(-14))/((-9)/63) is divided by w?
11
Let a(m) = -m**3 + 8*m**2 + 3*m - 6. Let q be a(7). Suppose 2*b = -2*b + q. Calculate the remainder when 60 is divided by b.
12
Suppose -5*k + 115 = 5*q, 2*q - 9 = -q. What is the remainder when 217 is divided by k?
17
Suppose -3*m + 8 = -19. Let o = 15 - 8. Let f(c) = c**3 - 7*c**2 + 5*c - 10. Calculate the remainder when f(o) is divided by m.
7
Suppose 0 = 2*m + m - 39. Suppose 5*k = k + 44. Let y = m + k. Calculate the remainder when y is divided by 13.
11
Let v = 118 + -91. What is the remainder when -1 + 0 - -50 - -2 is divided by v?
24
Let m(r) = 2*r**2 + r - 3. Let y(q) = q**3 + 7*q**2 - 8*q + 3. Let h be y(-8). What is the remainder when 68 is divided by m(h)?
14
Suppose 0 = 6*c - 2*c - 52. What is the remainder when c is divided by 5?
3
Let q(x) = x**2 - 7*x - 8. Let h be q(8). Let f = -1 - h. What is the remainder when 17 is divided by (f + 0 - -2) + 5?
5
Suppose 0 = -2*y - 4*p + 18, y = -y + 4*p + 10. Suppose 0 = -4*n - 0*n - 24. What is the remainder when 5/(-15) + (-74)/n is divided by y?
5
Let t(y) = -y**2 - 9*y - 5. Calculate the remainder when 34 is divi